{"id":742,"date":"2020-10-15T12:33:43","date_gmt":"2020-10-15T10:33:43","guid":{"rendered":"https:\/\/www.educaciondeadultosprocesosformativos.cl\/revista\/?page_id=742"},"modified":"2022-08-12T08:58:56","modified_gmt":"2022-08-12T12:58:56","slug":"n10-2020","status":"publish","type":"page","link":"https:\/\/www.educaciondeadultosprocesosformativos.cl\/revista\/n10-2020\/","title":{"rendered":"N\u00b010: 2020"},"content":{"rendered":"[et_pb_section fb_built=&#8221;1&#8243; _builder_version=&#8221;4.0.9&#8243;][et_pb_row _builder_version=&#8221;4.0.9&#8243;][et_pb_column type=&#8221;4_4&#8243; _builder_version=&#8221;4.0.9&#8243;][et_pb_image _builder_version=&#8221;4.0.11&#8243; src=&#8221;https:\/\/www.educaciondeadultosprocesosformativos.cl\/revista\/wp-content\/uploads\/2022\/08\/Barra_edit10.jpg&#8221; hover_enabled=&#8221;0&#8243; alt=&#8221;Revista n\u00famero 10, primer semestre del 2020&#8243;][\/et_pb_image][et_pb_text _builder_version=&#8221;4.0.11&#8243; hover_enabled=&#8221;0&#8243;]\n<p><a href=\"https:\/\/www.educaciondeadultosprocesosformativos.cl\/revista\/2020\/10\/17\/editorial-n10\/\">Editorial<\/a><\/p>\n<h5>Tabla de contenidos<\/h5>\n<h5><a href=\"https:\/\/www.educaciondeadultosprocesosformativos.cl\/revista\/2020\/10\/15\/la-epja-en-tiempos-de-coronavirus-reflexiones-en-torno-a-la-educacion-remota-de-emergencia\/\">La EPJA en tiempos de Coronavirus: Reflexiones en torno a la educaci\u00f3n remota de emergencia<\/a><\/h5>\n<p><em>por Ibarra, Opazo, Zamora<\/em><\/p>\n<h5><a href=\"https:\/\/www.educaciondeadultosprocesosformativos.cl\/revista\/2020\/10\/15\/que-me-dejo-ser-maestro-rural-experiencias-de-jovenes-en-mexico\/\">\u00bfQu\u00e9 me dej\u00f3 ser maestro rural? Experiencias de j\u00f3venes en M\u00e9xico<\/a><\/h5>\n<p><em>por Diego Ju\u00e1rez<\/em><\/p>\n<h5><a href=\"https:\/\/www.educaciondeadultosprocesosformativos.cl\/revista\/2020\/10\/15\/calidad-de-la-ensenanza-en-la-modalidad-flexible-de-la-region-de-antofagasta\/\">Calidad de la ense\u00f1anza en la modalidad flexible de la regi\u00f3n de Antofagasta<\/a><\/h5>\n<p><em> por Camus, \u00c1lvarez, Ayabire, Mar\u00edn<\/em><\/p>\n<h5 class=\"Standard\" style=\"text-align: left;\" align=\"center\"><a href=\"https:\/\/www.educaciondeadultosprocesosformativos.cl\/revista\/2020\/10\/15\/la-educacion-con-personas-jovenes-y-adultas-como-un-derecho-vital-en-mexico\/\">La educaci\u00f3n con personas j\u00f3venes y adultas como un derecho vital en M\u00e9xico<\/a><\/h5>\n<p><em>por Gloria Hern\u00e1ndez<\/em><\/p>\n<h5 style=\"text-align: left;\" align=\"center\"><a href=\"https:\/\/www.educaciondeadultosprocesosformativos.cl\/revista\/2020\/10\/15\/propuesta-metodologica-de-ensenanza-del-espanol-l2-con-migrantes-haitianos-y-haitianas\/\">Propuesta metodol\u00f3gica de ense\u00f1anza del espa\u00f1ol L2 con migrantes haitianos y haitianas<\/a><\/h5>\n<p style=\"text-align: left;\" align=\"center\"><em>por Cristi\u00e1n Abarca<\/em><\/p>\n<h4 style=\"text-align: left;\" align=\"center\"><div class=\"su-heading su-heading-style-default su-heading-align-left\" id=\"\" style=\"font-size:20px;margin-bottom:20px\"><div class=\"su-heading-inner\">Documentos<\/div><\/div><\/h4>\n<h5><a href=\"https:\/\/www.educaciondeadultosprocesosformativos.cl\/revista\/2020\/10\/15\/documentos-consideraciones-y-propuestas-sobre-la-formacion-de-educadores-as-en-la-educacion-para-personas-adultas\/\">Consideraciones y propuestas sobre la formaci\u00f3n de educadores-as en la Educaci\u00f3n para Personas Adultas<\/a><\/h5>\n<p><em>por Benjam\u00edn Berlanga<\/em><\/p>\n<h5><a href=\"https:\/\/www.educaciondeadultosprocesosformativos.cl\/revista\/2020\/10\/15\/documentos-la-trayectoria-reciente-de-la-educacion-de-personas-jovenes-y-adultas-en-chile-inferencias-de-un-estudio-comparado\/\">La trayectoria reciente de la Educaci\u00f3n de Personas J\u00f3venes y Adultas en Chile: inferencias de un estudio comparado<\/a><\/h5>\n<p><em>por Souza, G\u00f3mez, Acu\u00f1a<\/em><\/p>\n<p align=\"center\">\n[\/et_pb_text][\/et_pb_column][\/et_pb_row][\/et_pb_section]\n","protected":false},"excerpt":{"rendered":"<p>[et_pb_section fb_built=&#8221;1&#8243; _builder_version=&#8221;4.0.9&#8243;][et_pb_row _builder_version=&#8221;4.0.9&#8243;][et_pb_column type=&#8221;4_4&#8243; _builder_version=&#8221;4.0.9&#8243;][et_pb_image _builder_version=&#8221;4.0.11&#8243; src=&#8221;https:\/\/www.educaciondeadultosprocesosformativos.cl\/revista\/wp-content\/uploads\/2022\/08\/Barra_edit10.jpg&#8221; hover_enabled=&#8221;0&#8243; alt=&#8221;Revista n\u00famero 10, primer semestre del 2020&#8243;][\/et_pb_image][et_pb_text _builder_version=&#8221;4.0.11&#8243; hover_enabled=&#8221;0&#8243;] Editorial Tabla de contenidos La EPJA en tiempos de Coronavirus: Reflexiones en torno a la educaci\u00f3n remota de emergencia por Ibarra, Opazo, Zamora \u00bfQu\u00e9 me dej\u00f3 ser maestro rural? Experiencias de j\u00f3venes en M\u00e9xico por Diego Ju\u00e1rez [&hellip;]<\/p>\n","protected":false},"author":1,"featured_media":0,"parent":0,"menu_order":0,"comment_status":"closed","ping_status":"closed","template":"","meta":{"_et_pb_use_builder":"on","_et_pb_old_content":"","inline_featured_image":false,"footnotes":""},"class_list":["post-742","page","type-page","status-publish","hentry"],"_links":{"self":[{"href":"https:\/\/www.educaciondeadultosprocesosformativos.cl\/revista\/wp-json\/wp\/v2\/pages\/742","targetHints":{"allow":["GET"]}}],"collection":[{"href":"https:\/\/www.educaciondeadultosprocesosformativos.cl\/revista\/wp-json\/wp\/v2\/pages"}],"about":[{"href":"https:\/\/www.educaciondeadultosprocesosformativos.cl\/revista\/wp-json\/wp\/v2\/types\/page"}],"author":[{"embeddable":true,"href":"https:\/\/www.educaciondeadultosprocesosformativos.cl\/revista\/wp-json\/wp\/v2\/users\/1"}],"replies":[{"embeddable":true,"href":"https:\/\/www.educaciondeadultosprocesosformativos.cl\/revista\/wp-json\/wp\/v2\/comments?post=742"}],"version-history":[{"count":13,"href":"https:\/\/www.educaciondeadultosprocesosformativos.cl\/revista\/wp-json\/wp\/v2\/pages\/742\/revisions"}],"predecessor-version":[{"id":1089,"href":"https:\/\/www.educaciondeadultosprocesosformativos.cl\/revista\/wp-json\/wp\/v2\/pages\/742\/revisions\/1089"}],"wp:attachment":[{"href":"https:\/\/www.educaciondeadultosprocesosformativos.cl\/revista\/wp-json\/wp\/v2\/media?parent=742"}],"curies":[{"name":"wp","href":"https:\/\/api.w.org\/{rel}","templated":true}]}}

[et_pb_section fb_built=&#8221;1&#8243; _builder_version=&#8221;4.0.9&#8243;][et_pb_row _builder_version=&#8221;4.0.9&#8243;][et_pb_column type=&#8221;4_4&#8243; _builder_version=&#8221;4.0.9&#8243;][et_pb_image _builder_version=&#8221;4.0.11&#8243; src=&#8221;https://www.educaciondeadultosprocesosformativos.cl/revista/wp-content/uploads/2022/08/Barra_edit10.jpg&#8221; hover_enabled=&#8221;0&#8243; alt=&#8221;Revista número 10, primer semestre del 2020&#8243;][/et_pb_image][et_pb_text _builder_version=&#8221;4.0.11&#8243; hover_enabled=&#8221;0&#8243;]
<p><a href="https://www.educaciondeadultosprocesosformativos.cl/revista/2020/10/17/editorial-n10/">Editorial</a></p>
<h5>Tabla de contenidos</h5>
<h5><a href="https://www.educaciondeadultosprocesosformativos.cl/revista/2020/10/15/la-epja-en-tiempos-de-coronavirus-reflexiones-en-torno-a-la-educacion-remota-de-emergencia/">La EPJA en tiempos de Coronavirus: Reflexiones en torno a la educación remota de emergencia</a></h5>
<p><em>por Ibarra, Opazo, Zamora</em></p>
<h5><a href="https://www.educaciondeadultosprocesosformativos.cl/revista/2020/10/15/que-me-dejo-ser-maestro-rural-experiencias-de-jovenes-en-mexico/">¿Qué me dejó ser maestro rural? Experiencias de jóvenes en México</a></h5>
<p><em>por Diego Juárez</em></p>
<h5><a href="https://www.educaciondeadultosprocesosformativos.cl/revista/2020/10/15/calidad-de-la-ensenanza-en-la-modalidad-flexible-de-la-region-de-antofagasta/">Calidad de la enseñanza en la modalidad flexible de la región de Antofagasta</a></h5>
<p><em> por Camus, Álvarez, Ayabire, Marín</em></p>
<h5 class="Standard" style="text-align: left;" align="center"><a href="https://www.educaciondeadultosprocesosformativos.cl/revista/2020/10/15/la-educacion-con-personas-jovenes-y-adultas-como-un-derecho-vital-en-mexico/">La educación con personas jóvenes y adultas como un derecho vital en México</a></h5>
<p><em>por Gloria Hernández</em></p>
<h5 style="text-align: left;" align="center"><a href="https://www.educaciondeadultosprocesosformativos.cl/revista/2020/10/15/propuesta-metodologica-de-ensenanza-del-espanol-l2-con-migrantes-haitianos-y-haitianas/">Propuesta metodológica de enseñanza del español L2 con migrantes haitianos y haitianas</a></h5>
<p style="text-align: left;" align="center"><em>por Cristián Abarca</em></p>
<h4 style="text-align: left;" align="center"><div class="su-heading su-heading-style-default su-heading-align-left" id="" style="font-size:20px;margin-bottom:20px"><div class="su-heading-inner">Documentos</div></div></h4>
<h5><a href="https://www.educaciondeadultosprocesosformativos.cl/revista/2020/10/15/documentos-consideraciones-y-propuestas-sobre-la-formacion-de-educadores-as-en-la-educacion-para-personas-adultas/">Consideraciones y propuestas sobre la formación de educadores-as en la Educación para Personas Adultas</a></h5>
<p><em>por Benjamín Berlanga</em></p>
<h5><a href="https://www.educaciondeadultosprocesosformativos.cl/revista/2020/10/15/documentos-la-trayectoria-reciente-de-la-educacion-de-personas-jovenes-y-adultas-en-chile-inferencias-de-un-estudio-comparado/">La trayectoria reciente de la Educación de Personas Jóvenes y Adultas en Chile: inferencias de un estudio comparado</a></h5>
<p><em>por Souza, Gómez, Acuña</em></p>
<p align="center">
[/et_pb_text][/et_pb_column][/et_pb_row][/et_pb_section]

<p>[et_pb_section fb_built=&#8221;1&#8243; _builder_version=&#8221;4.0.9&#8243;][et_pb_row _builder_version=&#8221;4.0.9&#8243;][et_pb_column type=&#8221;4_4&#8243; _builder_version=&#8221;4.0.9&#8243;][et_pb_image _builder_version=&#8221;4.0.11&#8243; src=&#8221;https://www.educaciondeadultosprocesosformativos.cl/revista/wp-content/uploads/2022/08/Barra_edit10.jpg&#8221; hover_enabled=&#8221;0&#8243; alt=&#8221;Revista número 10, primer semestre del 2020&#8243;][/et_pb_image][et_pb_text _builder_version=&#8221;4.0.11&#8243; hover_enabled=&#8221;0&#8243;] Editorial Tabla de contenidos La EPJA en tiempos de Coronavirus: Reflexiones en torno a la educación remota de emergencia por Ibarra, Opazo, Zamora ¿Qué me dejó ser maestro rural? Experiencias de jóvenes en México por Diego Juárez [&hellip;]</p>
