{"id":629,"date":"2020-06-26T23:17:15","date_gmt":"2020-06-26T21:17:15","guid":{"rendered":"https:\/\/www.educaciondeadultosprocesosformativos.cl\/revista\/?page_id=629"},"modified":"2022-08-12T08:57:45","modified_gmt":"2022-08-12T12:57:45","slug":"n9","status":"publish","type":"page","link":"https:\/\/www.educaciondeadultosprocesosformativos.cl\/revista\/n9\/","title":{"rendered":"N\u00b09: 2019"},"content":{"rendered":"[et_pb_section fb_built=&#8221;1&#8243; _builder_version=&#8221;4.0.9&#8243;][et_pb_row _builder_version=&#8221;4.0.9&#8243;][et_pb_column type=&#8221;4_4&#8243; _builder_version=&#8221;4.0.9&#8243;][et_pb_image src=&#8221;https:\/\/www.educaciondeadultosprocesosformativos.cl\/revista\/wp-content\/uploads\/2022\/08\/Barra_edit9.jpg&#8221; alt=&#8221;Revista n\u00famero 9, segundo semestre del 2019&#8243; _builder_version=&#8221;4.0.11&#8243;][\/et_pb_image][et_pb_text _builder_version=&#8221;4.0.11&#8243;]\n<p><a href=\"https:\/\/www.educaciondeadultosprocesosformativos.cl\/revista\/2020\/06\/26\/editorial-n9\/\">Editorial<\/a><\/p>\n<h5>Tabla de contenidos<\/h5>\n<h5><a href=\"https:\/\/www.educaciondeadultosprocesosformativos.cl\/revista\/2020\/06\/26\/perspectiva-de-genero-y-epja-en-chile-desde-la-psicologia-comunitaria\/\">Perspectiva de g\u00e9nero y EPJA en Chile desde la Psicolog\u00eda Comunitaria (Chile)<\/a><\/h5>\n<p><em>por Simonetti, Chiuminatto, Parada<\/em><\/p>\n<h5><a href=\"https:\/\/www.educaciondeadultosprocesosformativos.cl\/revista\/2020\/06\/26\/depresion-en-personas-mayores-institucionalizadas-un-acercamiento-desde-la-psicologia\/\">Depresi\u00f3n en personas mayores institucionalizadas: Un acercamiento desde la psicolog\u00eda (Colombia)<\/a><\/h5>\n<p><em>por Diego Ospina<\/em><\/p>\n<h5><a href=\"https:\/\/www.educaciondeadultosprocesosformativos.cl\/revista\/2020\/06\/26\/la-re-insercion-social-en-chile-de-personas-que-han-estado-privadas-de-libertad-y-la-educacion-en-contexto-de-encierro-una-panoramica-de-exclusion\/\">La RE inserci\u00f3n social en Chile de personas que han estado privadas de libertad y la Educaci\u00f3n en contexto de encierro: Una panor\u00e1mica de exclusi\u00f3n (Chile)<\/a><\/h5>\n<p><em> por Paula Z\u00fa\u00f1iga<\/em><\/p>\n<h5 class=\"Standard\" style=\"text-align: left;\" align=\"center\"><a href=\"https:\/\/www.educaciondeadultosprocesosformativos.cl\/revista\/2020\/06\/26\/las-dificultades-ocultas-de-la-inclusion-educativa-en-contexto-de-encierro-y-la-reproduccion-de-la-desigualdad\/\">Las dificultades ocultas de la inclusi\u00f3n educativa en contexto de encierro y la reproducci\u00f3n de la desigualdad (Chile)<\/a><\/h5>\n<p class=\"Standard\" style=\"text-align: left;\" align=\"center\"><em>por Francisca Ibarra<\/em><\/p>\n<h5 style=\"text-align: left;\" align=\"center\"><a href=\"https:\/\/www.educaciondeadultosprocesosformativos.cl\/revista\/2020\/06\/26\/perfeccionamiento-de-profesores-de-jovenes-y-adultos-en-modalidad-b-learning-aprendiendo-de-un-caso\/\">Perfeccionamiento de profesores de j\u00f3venes y adultos en modalidad b-Learning: Aprendiendo de un caso (Chile)<\/a><\/h5>\n<p style=\"text-align: left;\" align=\"center\"><em>por Williamson, Vel\u00e1squez, Pedraza, Gudenschwager<\/em><\/p>\n<p align=\"center\">[\/et_pb_text][\/et_pb_column][\/et_pb_row][\/et_pb_section]\n","protected":false},"excerpt":{"rendered":"<p>[et_pb_section fb_built=&#8221;1&#8243; _builder_version=&#8221;4.0.9&#8243;][et_pb_row _builder_version=&#8221;4.0.9&#8243;][et_pb_column type=&#8221;4_4&#8243; _builder_version=&#8221;4.0.9&#8243;][et_pb_image src=&#8221;https:\/\/www.educaciondeadultosprocesosformativos.cl\/revista\/wp-content\/uploads\/2022\/08\/Barra_edit9.jpg&#8221; alt=&#8221;Revista n\u00famero 9, segundo semestre del 2019&#8243; _builder_version=&#8221;4.0.11&#8243;][\/et_pb_image][et_pb_text _builder_version=&#8221;4.0.11&#8243;] Editorial Tabla de contenidos Perspectiva de g\u00e9nero y EPJA en Chile desde la Psicolog\u00eda Comunitaria (Chile) por Simonetti, Chiuminatto, Parada Depresi\u00f3n en personas mayores institucionalizadas: Un acercamiento desde la psicolog\u00eda (Colombia) por Diego Ospina La RE inserci\u00f3n social en [&hellip;]<\/p>\n","protected":false},"author":1,"featured_media":0,"parent":0,"menu_order":0,"comment_status":"closed","ping_status":"closed","template":"","meta":{"_et_pb_use_builder":"on","_et_pb_old_content":"","inline_featured_image":false,"footnotes":""},"class_list":["post-629","page","type-page","status-publish","hentry"],"_links":{"self":[{"href":"https:\/\/www.educaciondeadultosprocesosformativos.cl\/revista\/wp-json\/wp\/v2\/pages\/629","targetHints":{"allow":["GET"]}}],"collection":[{"href":"https:\/\/www.educaciondeadultosprocesosformativos.cl\/revista\/wp-json\/wp\/v2\/pages"}],"about":[{"href":"https:\/\/www.educaciondeadultosprocesosformativos.cl\/revista\/wp-json\/wp\/v2\/types\/page"}],"author":[{"embeddable":true,"href":"https:\/\/www.educaciondeadultosprocesosformativos.cl\/revista\/wp-json\/wp\/v2\/users\/1"}],"replies":[{"embeddable":true,"href":"https:\/\/www.educaciondeadultosprocesosformativos.cl\/revista\/wp-json\/wp\/v2\/comments?post=629"}],"version-history":[{"count":8,"href":"https:\/\/www.educaciondeadultosprocesosformativos.cl\/revista\/wp-json\/wp\/v2\/pages\/629\/revisions"}],"predecessor-version":[{"id":1088,"href":"https:\/\/www.educaciondeadultosprocesosformativos.cl\/revista\/wp-json\/wp\/v2\/pages\/629\/revisions\/1088"}],"wp:attachment":[{"href":"https:\/\/www.educaciondeadultosprocesosformativos.cl\/revista\/wp-json\/wp\/v2\/media?parent=629"}],"curies":[{"name":"wp","href":"https:\/\/api.w.org\/{rel}","templated":true}]}}

[et_pb_section fb_built=&#8221;1&#8243; _builder_version=&#8221;4.0.9&#8243;][et_pb_row _builder_version=&#8221;4.0.9&#8243;][et_pb_column type=&#8221;4_4&#8243; _builder_version=&#8221;4.0.9&#8243;][et_pb_image src=&#8221;https://www.educaciondeadultosprocesosformativos.cl/revista/wp-content/uploads/2022/08/Barra_edit9.jpg&#8221; alt=&#8221;Revista número 9, segundo semestre del 2019&#8243; _builder_version=&#8221;4.0.11&#8243;][/et_pb_image][et_pb_text _builder_version=&#8221;4.0.11&#8243;]
<p><a href="https://www.educaciondeadultosprocesosformativos.cl/revista/2020/06/26/editorial-n9/">Editorial</a></p>
<h5>Tabla de contenidos</h5>
<h5><a href="https://www.educaciondeadultosprocesosformativos.cl/revista/2020/06/26/perspectiva-de-genero-y-epja-en-chile-desde-la-psicologia-comunitaria/">Perspectiva de género y EPJA en Chile desde la Psicología Comunitaria (Chile)</a></h5>
<p><em>por Simonetti, Chiuminatto, Parada</em></p>
<h5><a href="https://www.educaciondeadultosprocesosformativos.cl/revista/2020/06/26/depresion-en-personas-mayores-institucionalizadas-un-acercamiento-desde-la-psicologia/">Depresión en personas mayores institucionalizadas: Un acercamiento desde la psicología (Colombia)</a></h5>
<p><em>por Diego Ospina</em></p>
<h5><a href="https://www.educaciondeadultosprocesosformativos.cl/revista/2020/06/26/la-re-insercion-social-en-chile-de-personas-que-han-estado-privadas-de-libertad-y-la-educacion-en-contexto-de-encierro-una-panoramica-de-exclusion/">La RE inserción social en Chile de personas que han estado privadas de libertad y la Educación en contexto de encierro: Una panorámica de exclusión (Chile)</a></h5>
<p><em> por Paula Zúñiga</em></p>
<h5 class="Standard" style="text-align: left;" align="center"><a href="https://www.educaciondeadultosprocesosformativos.cl/revista/2020/06/26/las-dificultades-ocultas-de-la-inclusion-educativa-en-contexto-de-encierro-y-la-reproduccion-de-la-desigualdad/">Las dificultades ocultas de la inclusión educativa en contexto de encierro y la reproducción de la desigualdad (Chile)</a></h5>
<p class="Standard" style="text-align: left;" align="center"><em>por Francisca Ibarra</em></p>
<h5 style="text-align: left;" align="center"><a href="https://www.educaciondeadultosprocesosformativos.cl/revista/2020/06/26/perfeccionamiento-de-profesores-de-jovenes-y-adultos-en-modalidad-b-learning-aprendiendo-de-un-caso/">Perfeccionamiento de profesores de jóvenes y adultos en modalidad b-Learning: Aprendiendo de un caso (Chile)</a></h5>
<p style="text-align: left;" align="center"><em>por Williamson, Velásquez, Pedraza, Gudenschwager</em></p>
<p align="center">[/et_pb_text][/et_pb_column][/et_pb_row][/et_pb_section]

<p>[et_pb_section fb_built=&#8221;1&#8243; _builder_version=&#8221;4.0.9&#8243;][et_pb_row _builder_version=&#8221;4.0.9&#8243;][et_pb_column type=&#8221;4_4&#8243; _builder_version=&#8221;4.0.9&#8243;][et_pb_image src=&#8221;https://www.educaciondeadultosprocesosformativos.cl/revista/wp-content/uploads/2022/08/Barra_edit9.jpg&#8221; alt=&#8221;Revista número 9, segundo semestre del 2019&#8243; _builder_version=&#8221;4.0.11&#8243;][/et_pb_image][et_pb_text _builder_version=&#8221;4.0.11&#8243;] Editorial Tabla de contenidos Perspectiva de género y EPJA en Chile desde la Psicología Comunitaria (Chile) por Simonetti, Chiuminatto, Parada Depresión en personas mayores institucionalizadas: Un acercamiento desde la psicología (Colombia) por Diego Ospina La RE inserción social en [&hellip;]</p>
