{"id":490,"date":"2019-12-25T07:53:54","date_gmt":"2019-12-25T06:53:54","guid":{"rendered":"https:\/\/www.educaciondeadultosprocesosformativos.cl\/revista\/?page_id=490"},"modified":"2022-08-12T08:55:11","modified_gmt":"2022-08-12T12:55:11","slug":"n8-2019","status":"publish","type":"page","link":"https:\/\/www.educaciondeadultosprocesosformativos.cl\/revista\/n8-2019\/","title":{"rendered":"N\u00b08: 2019"},"content":{"rendered":"[et_pb_section fb_built=&#8221;1&#8243; _builder_version=&#8221;4.0.9&#8243;][et_pb_row _builder_version=&#8221;4.0.9&#8243;][et_pb_column type=&#8221;4_4&#8243; _builder_version=&#8221;4.0.9&#8243;][et_pb_image src=&#8221;https:\/\/www.educaciondeadultosprocesosformativos.cl\/revista\/wp-content\/uploads\/2022\/08\/Barra_edit8.jpg&#8221; _builder_version=&#8221;4.0.11&#8243; hover_enabled=&#8221;0&#8243; alt=&#8221;Revista n\u00famero 8, primer semestre del 2019&#8243;][\/et_pb_image][et_pb_text _builder_version=&#8221;4.0.11&#8243; hover_enabled=&#8221;0&#8243;]\n<p><a href=\"https:\/\/www.educaciondeadultosprocesosformativos.cl\/revista\/2019\/12\/25\/editorial-n8\/\">Editorial<\/a><\/p>\n<h5>Tabla de contenidos<\/h5>\n<h5><a href=\"https:\/\/www.educaciondeadultosprocesosformativos.cl\/revista\/2019\/12\/25\/la-formacion-de-grado-tras-los-muros-un-desafio-complejo\/\">La formaci\u00f3n de grado tras los muros. Un desaf\u00edo complejo \u00a0<\/a><\/h5>\n<p><em>por Umpierrez, Salvad\u00e9, Scipioni, Lacaria.<\/em><\/p>\n<h5><a href=\"https:\/\/www.educaciondeadultosprocesosformativos.cl\/revista\/2019\/12\/24\/la-escuela-publica-y-la-oferta-de-educacion-para-jovenes-y-adultos-privados-de-libertad\/\">La escuela p\u00fablica y la oferta de educaci\u00f3n para j\u00f3venes y adultos privados de libertad\u00a0<\/a><\/h5>\n<p><em>por Mari\u00e2ngela Graciano\u00a0<\/em><\/p>\n<h5><a href=\"https:\/\/www.educaciondeadultosprocesosformativos.cl\/revista\/2019\/12\/25\/politica-publica-y-paradigmas-sociales-analisis-de-la-educacion-de-personas-jovenes-y-adultas-en-paraguay\/\">Pol\u00edtica p\u00fablica y paradigmas sociales: an\u00e1lisis de la educaci\u00f3n de personas j\u00f3venes y adultas en Paraguay<\/a><\/h5>\n<p><em> por Andrea Wehle<\/em><\/p>\n<h5 class=\"Standard\" style=\"text-align: left;\" align=\"center\"><a href=\"https:\/\/www.educaciondeadultosprocesosformativos.cl\/revista\/2019\/12\/25\/una-cartografia-de-la-cruce-entre-documentos-educacion-carcelaria-y-genero-en-brasil\/\">Una cartograf\u00eda de la cruce entre documentos, educaci\u00f3n carcel\u00e1ria y g\u00e9nero en Brasil <\/a><\/h5>\n<p class=\"Standard\" style=\"text-align: left;\" align=\"center\"><em>por Luisa Bertrami D&#8217;Angelo<\/em><\/p>\n<h5 style=\"text-align: left;\" align=\"center\"><a href=\"https:\/\/www.educaciondeadultosprocesosformativos.cl\/revista\/2019\/12\/25\/experiencias-y-practicas-socioeducativas-con-jovenes-en-contextos-de-encierro-en-las-comunas-de-coronel-y-limache-chile\/\">Experiencias y pr\u00e1cticas socioeducativas con j\u00f3venes en contextos de encierro en las comunas de Coronel y Limache, Chile <\/a><\/h5>\n<p style=\"text-align: left;\" align=\"center\"><em>por Burgos, Sep\u00falveda, Jullian, Rebolledo, Troncoso, Dur\u00e1n<\/em><\/p>\n<p align=\"center\">\n[\/et_pb_text][\/et_pb_column][\/et_pb_row][\/et_pb_section]\n","protected":false},"excerpt":{"rendered":"<p>[et_pb_section fb_built=&#8221;1&#8243; _builder_version=&#8221;4.0.9&#8243;][et_pb_row _builder_version=&#8221;4.0.9&#8243;][et_pb_column type=&#8221;4_4&#8243; _builder_version=&#8221;4.0.9&#8243;][et_pb_image src=&#8221;https:\/\/www.educaciondeadultosprocesosformativos.cl\/revista\/wp-content\/uploads\/2022\/08\/Barra_edit8.jpg&#8221; _builder_version=&#8221;4.0.11&#8243; hover_enabled=&#8221;0&#8243; alt=&#8221;Revista n\u00famero 8, primer semestre del 2019&#8243;][\/et_pb_image][et_pb_text _builder_version=&#8221;4.0.11&#8243; hover_enabled=&#8221;0&#8243;] Editorial Tabla de contenidos La formaci\u00f3n de grado tras los muros. Un desaf\u00edo complejo \u00a0 por Umpierrez, Salvad\u00e9, Scipioni, Lacaria. La escuela p\u00fablica y la oferta de educaci\u00f3n para j\u00f3venes y adultos privados de libertad\u00a0 por Mari\u00e2ngela [&hellip;]<\/p>\n","protected":false},"author":1,"featured_media":0,"parent":0,"menu_order":0,"comment_status":"closed","ping_status":"closed","template":"","meta":{"_et_pb_use_builder":"on","_et_pb_old_content":"","inline_featured_image":false,"footnotes":""},"class_list":["post-490","page","type-page","status-publish","hentry"],"_links":{"self":[{"href":"https:\/\/www.educaciondeadultosprocesosformativos.cl\/revista\/wp-json\/wp\/v2\/pages\/490","targetHints":{"allow":["GET"]}}],"collection":[{"href":"https:\/\/www.educaciondeadultosprocesosformativos.cl\/revista\/wp-json\/wp\/v2\/pages"}],"about":[{"href":"https:\/\/www.educaciondeadultosprocesosformativos.cl\/revista\/wp-json\/wp\/v2\/types\/page"}],"author":[{"embeddable":true,"href":"https:\/\/www.educaciondeadultosprocesosformativos.cl\/revista\/wp-json\/wp\/v2\/users\/1"}],"replies":[{"embeddable":true,"href":"https:\/\/www.educaciondeadultosprocesosformativos.cl\/revista\/wp-json\/wp\/v2\/comments?post=490"}],"version-history":[{"count":6,"href":"https:\/\/www.educaciondeadultosprocesosformativos.cl\/revista\/wp-json\/wp\/v2\/pages\/490\/revisions"}],"predecessor-version":[{"id":1085,"href":"https:\/\/www.educaciondeadultosprocesosformativos.cl\/revista\/wp-json\/wp\/v2\/pages\/490\/revisions\/1085"}],"wp:attachment":[{"href":"https:\/\/www.educaciondeadultosprocesosformativos.cl\/revista\/wp-json\/wp\/v2\/media?parent=490"}],"curies":[{"name":"wp","href":"https:\/\/api.w.org\/{rel}","templated":true}]}}

[et_pb_section fb_built=&#8221;1&#8243; _builder_version=&#8221;4.0.9&#8243;][et_pb_row _builder_version=&#8221;4.0.9&#8243;][et_pb_column type=&#8221;4_4&#8243; _builder_version=&#8221;4.0.9&#8243;][et_pb_image src=&#8221;https://www.educaciondeadultosprocesosformativos.cl/revista/wp-content/uploads/2022/08/Barra_edit8.jpg&#8221; _builder_version=&#8221;4.0.11&#8243; hover_enabled=&#8221;0&#8243; alt=&#8221;Revista número 8, primer semestre del 2019&#8243;][/et_pb_image][et_pb_text _builder_version=&#8221;4.0.11&#8243; hover_enabled=&#8221;0&#8243;]
<p><a href="https://www.educaciondeadultosprocesosformativos.cl/revista/2019/12/25/editorial-n8/">Editorial</a></p>
<h5>Tabla de contenidos</h5>
<h5><a href="https://www.educaciondeadultosprocesosformativos.cl/revista/2019/12/25/la-formacion-de-grado-tras-los-muros-un-desafio-complejo/">La formación de grado tras los muros. Un desafío complejo  </a></h5>
<p><em>por Umpierrez, Salvadé, Scipioni, Lacaria.</em></p>
<h5><a href="https://www.educaciondeadultosprocesosformativos.cl/revista/2019/12/24/la-escuela-publica-y-la-oferta-de-educacion-para-jovenes-y-adultos-privados-de-libertad/">La escuela pública y la oferta de educación para jóvenes y adultos privados de libertad </a></h5>
<p><em>por Mariângela Graciano </em></p>
<h5><a href="https://www.educaciondeadultosprocesosformativos.cl/revista/2019/12/25/politica-publica-y-paradigmas-sociales-analisis-de-la-educacion-de-personas-jovenes-y-adultas-en-paraguay/">Política pública y paradigmas sociales: análisis de la educación de personas jóvenes y adultas en Paraguay</a></h5>
<p><em> por Andrea Wehle</em></p>
<h5 class="Standard" style="text-align: left;" align="center"><a href="https://www.educaciondeadultosprocesosformativos.cl/revista/2019/12/25/una-cartografia-de-la-cruce-entre-documentos-educacion-carcelaria-y-genero-en-brasil/">Una cartografía de la cruce entre documentos, educación carcelária y género en Brasil </a></h5>
<p class="Standard" style="text-align: left;" align="center"><em>por Luisa Bertrami D&#8217;Angelo</em></p>
<h5 style="text-align: left;" align="center"><a href="https://www.educaciondeadultosprocesosformativos.cl/revista/2019/12/25/experiencias-y-practicas-socioeducativas-con-jovenes-en-contextos-de-encierro-en-las-comunas-de-coronel-y-limache-chile/">Experiencias y prácticas socioeducativas con jóvenes en contextos de encierro en las comunas de Coronel y Limache, Chile </a></h5>
<p style="text-align: left;" align="center"><em>por Burgos, Sepúlveda, Jullian, Rebolledo, Troncoso, Durán</em></p>
<p align="center">
[/et_pb_text][/et_pb_column][/et_pb_row][/et_pb_section]

<p>[et_pb_section fb_built=&#8221;1&#8243; _builder_version=&#8221;4.0.9&#8243;][et_pb_row _builder_version=&#8221;4.0.9&#8243;][et_pb_column type=&#8221;4_4&#8243; _builder_version=&#8221;4.0.9&#8243;][et_pb_image src=&#8221;https://www.educaciondeadultosprocesosformativos.cl/revista/wp-content/uploads/2022/08/Barra_edit8.jpg&#8221; _builder_version=&#8221;4.0.11&#8243; hover_enabled=&#8221;0&#8243; alt=&#8221;Revista número 8, primer semestre del 2019&#8243;][/et_pb_image][et_pb_text _builder_version=&#8221;4.0.11&#8243; hover_enabled=&#8221;0&#8243;] Editorial Tabla de contenidos La formación de grado tras los muros. Un desafío complejo   por Umpierrez, Salvadé, Scipioni, Lacaria. La escuela pública y la oferta de educación para jóvenes y adultos privados de libertad  por Mariângela [&hellip;]</p>
